 = 4*c**2 + 13*c - 1. Let o(b) = -7*n(b) + 3*q(b). Determine o(-10).
-2
Let c(v) = -v**3 - 2*v**2 + 7*v + 4. Let o be 1 + (-7 - 0 - -3) - 1. Determine c(o).
8
Let j(g) = g + 3. Suppose -27*h = -37*h + 60. What is j(h)?
9
Suppose -3*i + 2*x + 3 = 0, 0 = 2*i - i - x. Suppose 5 = -i*b + 20. Let w(y) = -8 - b*y**2 - 3*y**2 + 9*y**2 - 3*y. Give w(6).
10
Let n(c) = -c**3 - 3*c**2 + 3*c + 1. Let t(g) = g**3 + 4*g**2 - 2*g - 4. Let k be t(0). What is n(k)?
5
Let g(a) = 4*a + 3. Let x(p) = -5*p - 4. Let n(r) = 4*g(r) + 3*x(r). Let m(d) = -3*d + 3. Let i(f) = m(f) + 5*n(f). Let k = -4 + -1. What is i(k)?
-7
Let n(j) be the third derivative of -j**4/24 + 2*j**3/3 - 54*j**2. Suppose 5*p - 24 = 1. Suppose -3*v + 14 + 13 = p*u, 4*v - 22 = -2*u. Determine n(u).
1
Let g(l) = -280*l**2 + 255*l + 85. Let r(i) = 20*i**2 - 18*i - 6. Let p(t) = -6*g(t) - 85*r(t). Give p(-1).
-20
Let h(d) = -d**3 - 4*d**2 - 4*d - 2. Suppose 2*i + 39 = -3. Let c = -5 - i. Let m be (c/20)/(-2)*5. Determine h(m).
-2
Let m(w) = -31*w**3 + 25*w**2 + 13*w + 2. Let q(t) = 7*t**3 - 6*t**2 - 3*t - 1. Let u(z) = 2*m(z) + 9*q(z). Suppose -7 = -5*x + 13. What is u(x)?
-9
Let j(u) = -u - 2. Let i(z) = 2*z - 3. Let x(m) = 4*i(m) - 4*j(m). Determine x(-6).
-76
Suppose -4*l = -0*i + 4*i - 32, -4*i + 2 = -l. Let h(o) = -4*o**2 + 2 - 9*o - 3*o**2 + o**3 - 2*o**2 + 4*o**2. What is h(l)?
-16
Let f(l) = -l**2 - 11*l + 2. Let a be 2 - 10 - (-9 + 12). Calculate f(a).
2
Let p = 5 + -1. Let h(c) be the first derivative of 6*c - 4 - 3/2*c**2. Determine h(p).
-6
Suppose -20 = -m - 4*m. Let p = -35 + 63. Suppose 0 = -p*t + 24*t + m. Let h(s) = -2*s**3 + 1. Calculate h(t).
-1
Let z be 0/(6*1/(-3)). Let f(k) = k**3 + k**2 - k + 3. Determine f(z).
3
Let s(o) = 17*o**2 - 4*o + 2. Let n(l) = 8*l**2 - 2*l + 1. Let h(c) = 5*n(c) - 2*s(c). Let t = 35 + -34. Determine h(t).
5
Let f(a) be the first derivative of a**7/105 - a**5/60 - a**4/24 - 14*a**3/3 - 15. Let h(u) be the third derivative of f(u). Determine h(-1).
-7
Let s(w) be the third derivative of -w**8/20160 + w**7/1260 + 7*w**6/720 + w**5/3 + w**2. Let l(r) be the third derivative of s(r). Give l(5).
2
Suppose 4*d = 3*i - 4*i + 5, -3 = -d - 2*i. Let k(b) = 3*b**2 - b. Calculate k(d).
2
Let y(u) = 3*u**3 - 4*u**2 + 9*u - 5. Let z(s) = -10*s**3 + 13*s**2 - 32*s + 16. Let x(d) = -7*y(d) - 2*z(d). Give x(0).
3
Let r(b) = 7*b**2 + 7*b - 6*b - 4 + 4 - b**3 - 11. Let x be r(7). Let t(f) be the second derivative of -f**4/12 - 2*f**3/3 + 3*f**2/2 - f. What is t(x)?
3
Suppose 0 = -16*i + 1478 - 1494. Let h(g) = -1 + 7*g**3 + 0*g**3 - g + 0*g. Give h(i).
-7
Let o(f) = -15*f - 8 + 1 + f**2 + 0 + 5 + 8*f. Suppose k + 4*g - 16 = -0*g, k - 14 = -3*g. Give o(k).
6
Suppose -5*b - 52 = 2*z, 5*z - 32 = 474*b - 473*b. Let k(w) = w**3 + 12*w**2 - w - 1. What is k(b)?
11
Let i(f) = -7 + 4 - 1 - f**3 + 2 + f**2 + 5*f. Let c = 3 + 0. Give i(c).
-5
Let z(q) = 5*q**2 - q - 1. Let u = 41 - 3. Let d = -39 + u. What is z(d)?
5
Let l(i) = 3*i. Suppose -b = 3*u - 16, -4*b = 3*u - u - 14. Calculate l(b).
3
Let u(b) = 9*b + 18. Let g(y) = 3*y + 6. Let d(l) = 11*g(l) - 4*u(l). Suppose 2*s = 2*j + 2, 11*j - 3*s - 17 = 12*j. Determine d(j).
9
Let s be ((-6)/(-4))/((-2)/4). Let u(p) = 9*p**3 + 5*p**2 + 12*p + 5. Let a(v) = 2*v**3 + 2*v + 1. Let q(m) = 4*a(m) - u(m). Give q(s).
-7
Let d(s) = s**2 + 17*s + 13. Suppose -2*k - 3*v - 23 = 0, -29*k + v = -26*k + 51. Determine d(k).
-3
Let c(n) = 2*n - 5. Let s(k) = -k**2 + k - 4. Let h be s(-5). Suppose 378 = -2*m + 458. Let v = m + h. What is c(v)?
7
Let z(u) be the first derivative of -1 + 1/2*u**2 + 11*u. Determine z(-10).
1
Suppose -3*r + 27 = 2*k + 3*k, 2*k = 3*r - 48. Suppose -2*x + 8 - r = 0. Let m = x - -11. Let j(u) = u - 4. Calculate j(m).
4
Let q(w) = 13*w - 111. Let b be q(8). Let u(v) be the third derivative of -v**4/24 - v**3/3 - 5*v**2. What is u(b)?
5
Let v(o) = o**2 - 9*o - 22. Let q be v(11). Let b(h) = q*h + h + h. Give b(-4).
-8
Let x = -271 - -460. Let i be (-4)/(-42) - (-1116)/x. Let d(s) be the third derivative of -s**6/120 + 7*s**5/60 - s**4/4 + s**3/2 - 2*s**2. What is d(i)?
3
Let b be ((-13)/(-5) + -3)*(17 + 3). Let c(a) = 3*a - 1. What is c(b)?
-25
Let s(w) = -3*w + w**3 - 6*w**2 + 4*w + 3 + 2 - 2*w. Let h(f) = f**3 - 7*f**2 + 3*f + 2. Let d be h(6). Let o = -10 - d. Give s(o).
-1
Let r = 1 - 2. Let l(i) = 2*i**2 - 2*i**2 - 3 + i + 4 - 5*i**2. Determine l(r).
-5
Let c(m) be the third derivative of m**5/60 + 7*m**4/24 - 8*m**3/3 + 501*m**2. Calculate c(-8).
-8
Let w(l) be the second derivative of -l**5/20 - 7*l**4/12 + 3*l**3/2 - 2*l**2 - 83*l. Determine w(-8).
-12
Let w(f) = 3*f - 14. Let d be w(9). Let u = d + -5. Let n(m) = 8 - m**3 - 2 + 4 - 6*m - u*m**2 - 2. Calculate n(-7).
1
Let z be ((-104)/(-39))/(16/(-6) + 2). Let o(i) = i**3 + 3*i**2 - 4. Give o(z).
-20
Let q(p) = -5*p**2 + 16*p - 5. Let k(u) = -9*u**2 + 30*u - 10. Let z(s) = 4*k(s) - 7*q(s). Determine z(9).
-14
Let l(m) be the first derivative of -m**3/3 + 9*m**2/2 - 8*m - 75. Give l(8).
0
Let f(z) = 8*z**2 + 2*z + 3. Let y(t) = 2*t**2 + 21*t + 25. Let d be y(-9). Calculate f(d).
31
Let q(a) = -6*a + 14 - 11 + 0. Let j(p) = p + 8. Let l be j(-5). Calculate q(l).
-15
Suppose -8*h + 406 = -15*h. Let t = -62 - h. Let u(c) = -c**3 - 3*c**2 - c**2 + 0*c**2 - 4. Give u(t).
-4
Let h be (-78)/21 + (-2)/7. Let c(f) = 2 - 1 + 7*f - f - 3*f. What is c(h)?
-11
Let m(c) = 7*c + 9. Let o(a) = -a**2 + 14*a - 10. Let n be o(12). Let p(i) = -13 + i + 3*i - n*i. Let x(b) = 7*m(b) + 5*p(b). What is x(-4)?
2
Let y be 1 - (-7)/(14/4). Let h(o) = -1664 + 1664 - y*o. Suppose v = -2*v + 9. What is h(v)?
-9
Let h(i) be the third derivative of i**4/12 + 5*i**3/6 - 8*i**2. Let l = 11 + -15. Calculate h(l).
-3
Let o(r) = 6*r**3 - r**2 - 7*r + 10. Let n be o(2). Let w = n - 46. Let a(v) = -v**3 - 7*v**2 - 7*v + 6. Give a(w).
12
Let l be 2 - 3 - (-8 + 11). Let b(x) = -x**2 + 3. Give b(l).
-13
Let u(b) = -22*b + 39. Let r be u(2). Let m(y) = y**3 + 4*y**2 - 5*y + 3. Give m(r).
3
Let s(h) be the third derivative of h**5/60 - h**4/3 - h**3/6 + 6*h**2. Determine s(6).
-13
Let c(l) be the third derivative of l**5/15 + l**4/8 - l**3/6 + l**2 + 25*l. Suppose 0 = 5*j + 3*d - 14 - 2, -5*j = 4*d - 18. Give c(j).
21
Let s(u) = -u**3 - 6*u**2 - 2*u - 1. Suppose -25*h = -18*h - 14. Let v be (-4 + 1)*2/2*h. What is s(v)?
11
Let n(f) = f**2 - 17*f + 18. Suppose -27 = -2*q + b, -20*b - 7 = -2*q - 15*b. Give n(q).
2
Let m(j) = 5*j**2 + j + 1. Let t(i) = 26*i**2 + 5*i + 6. Let c(d) = -11*m(d) + 2*t(d). Determine c(-2).
-9
Let v be ((-7 + 4)/3)/(1/3). Suppose 7*g - 5 = 2*g. Let m(l) = 3*l + g + 3 + 0. Determine m(v).
-5
Let n(u) = u + 1. Suppose 0 = -5*y + 5 - 10. Let l(t) = -3*t - 1. Let r = 6 + -8. Let b(i) = r*n(i) + y*l(i). Calculate b(-4).
-5
Let u(n) be the first derivative of -n**4/4 - n**3/3 + 5*n**2/2 - 33. Calculate u(-4).
28
Let h(r) = 2*r + 18. Let u(g) = g**3 - 2*g**2 + 34*g - 111. Let j be u(3). What is h(j)?
18
Let s(o) be the second derivative of -o**5/20 - 2*o**4/3 - o**3/6 - 9*o**2/2 + 4*o. Let i be s(-8). Let v(c) = 4*c**3 + c**2 + c + 1. Give v(i).
-3
Let y = -85 - -87. Let v(x) = -257*x + 6 - 11*x**y - x**3 + 4*x**2 + 253*x. What is v(-6)?
-6
Let z(r) be the first derivative of r**4/4 - r**3 - r**2 - 4*r - 75. Give z(4).
4
Let i(k) = -3*k**2 + 9 - 8 + 4*k - 4 + k**3. Calculate i(2).
1
Let g(o) = -4*o**3 + o**2 + 4*o + 3. Let z(y) = 3*y**3 - y**2 - 3*y - 2. Let l(h) = 5*g(h) + 7*z(h). Let q be (4/2)/(2/3). Give l(q).
7
Let q(p) be the third derivative of 1/120*p**6 + 0*p - 12*p**2 - 1/3*p**3 + 0 + 1/24*p**4 + 1/12*p**5. Calculate q(-2).
8
Let z be (0 + 0 + 2)/(-1). Let p = -56 - -62. Let t(k) = p*k + 7*k - 1 - 16*k. Calculate t(z).
5
Let g(n) = -11 + 4 - 13*n - 11*n - 3. Let m(f) = 16*f + 7. Let y(h) = 5*g(h) + 7*m(h). What is y(-1)?
7
Let y(t) = t**3 + 3*t**2 - 17*t - 15. Let r(a) = -4*a - a**2 - 967 + 966 + 3*a. Let b(h) = -6*r(h) + y(h). Calculate b(-10).
1
Let r(k) be the second derivative of k**8/6720 + k**7/1260 - k**6/720 + k**5/120 - 3*k**4/2 - 3*k. Let z(v) be the third derivative of r(v). What is z(-2)?
3
Let c(s) = 5*s**2 - 3*s**2 - 2 + 4*s**3 + 3 - 2. Suppose 0 = 3*z + 2*x + 9, 5*z - 3*x = 3*z + 7. Give c(z).
-3
Suppose -21 - 51 = 18*i. Let x(o) = 2*o**2 - 5. Give x(i).
27
Let